 215011 a prime number?
False
Is 2020159 composite?
True
Is 4556842 prime?
False
Is 30606181 composite?
True
Is 7414999 a prime number?
True
Is 35499767 a composite number?
False
Is 286739509 composite?
True
Is 29975731 a composite number?
True
Is 611693 prime?
True
Is 38619883 prime?
True
Is 207853 prime?
False
Is 5284781 prime?
True
Is 1308079 a composite number?
True
Is 164424686 composite?
True
Is 583587721 prime?
True
Is 94823473 prime?
False
Is 3834011 a composite number?
True
Is 8541421 a prime number?
False
Is 547223 a composite number?
False
Is 2014927 a prime number?
False
Is 1605223 a prime number?
False
Is 109837337 a composite number?
False
Is 7297055 a composite number?
True
Is 1710757 prime?
True
Is 6738463 a prime number?
False
Is 1603183 a prime number?
True
Is 15887693 a composite number?
False
Is 31076587 prime?
True
Is 7844521 composite?
False
Is 170433121 a composite number?
False
Is 3091001 composite?
False
Is 22949753 composite?
False
Is 16264139 a prime number?
True
Is 2514857 composite?
False
Is 83803609 a composite number?
True
Is 3932633 a composite number?
False
Is 225219035 prime?
False
Is 219238 a prime number?
False
Is 11026867 composite?
True
Is 7034539 a composite number?
True
Is 561947 a composite number?
False
Is 4829843 prime?
True
Is 10757653 composite?
False
Is 6536191 prime?
True
Is 20433599 a composite number?
True
Is 26187737 a composite number?
False
Is 186554189 composite?
False
Is 343114469 a composite number?
False
Is 26277943 prime?
False
Is 266671633 composite?
False
Is 2168797 prime?
True
Is 3061459 a prime number?
True
Is 52447121 a composite number?
False
Is 1153147 composite?
False
Is 19648319 composite?
True
Is 7817279 prime?
True
Is 860227 a composite number?
True
Is 130544299 prime?
True
Is 2573437 a composite number?
False
Is 12582821 a composite number?
False
Is 152183 a prime number?
True
Is 437261963 prime?
True
Is 23242606 a prime number?
False
Is 251113979 composite?
True
Is 9540649 composite?
False
Is 198584819 prime?
False
Is 517170859 composite?
False
Is 596188499 composite?
False
Is 49219427 a composite number?
True
Is 2320089 composite?
True
Is 26342177 prime?
False
Is 146107901 prime?
True
Is 232238069 a composite number?
True
Is 25788779 composite?
True
Is 66883255 composite?
True
Is 10471249 a composite number?
False
Is 2241017 a prime number?
False
Is 266973227 a prime number?
True
Is 92654899 a prime number?
False
Is 387139541 prime?
True
Is 589968923 prime?
True
Is 20953217 prime?
False
Is 7731797 prime?
True
Is 1309531 prime?
True
Is 55866791 composite?
False
Is 2763251 a composite number?
False
Is 3472817 a prime number?
True
Is 337944349 a prime number?
True
Is 19040401 composite?
False
Is 554417 composite?
False
Is 34385189 a prime number?
True
Is 1054169 a composite number?
False
Is 39124571 prime?
True
Is 186138515 prime?
False
Is 1966837 composite?
True
Is 189465659 a prime number?
True
Is 29353846 composite?
True
Is 91310777 a prime number?
True
Is 489327617 composite?
False
Is 1730353 a prime number?
True
Is 36334541 composite?
False
Is 5610259 prime?
False
Is 61784947 a prime number?
False
Is 6732529 composite?
False
Is 2208563587 prime?
True
Is 21900997 prime?
True
Is 764317 a prime number?
True
Is 1070807 composite?
True
Is 480343303 composite?
True
Is 5019943 a prime number?
True
Is 4820771 composite?
True
Is 2508637 a prime number?
False
Is 4285247 a composite number?
False
Is 10552219 prime?
True
Is 1871951 a prime number?
True
Is 3523237 composite?
True
Is 3122173 a composite number?
False
Is 8343347 a composite number?
True
Is 5765777 a prime number?
False
Is 649739 a composite number?
False
Is 24307193 a prime number?
False
Is 5543669 a prime number?
False
Is 16822297 prime?
False
Is 62081101 a composite number?
False
Is 9587 composite?
False
Is 2880287 prime?
False
Is 505297087 a prime number?
True
Is 92104393 a prime number?
False
Is 7925501 prime?
False
Is 4611493 a composite number?
True
Is 32398957 a composite number?
True
Is 26373703 a prime number?
True
Is 24702581 composite?
True
Is 92926501 a prime number?
True
Is 7947271 prime?
True
Is 36399107 a composite number?
False
Is 4184623 a composite number?
True
Is 1160497 composite?
True
Is 8482373 prime?
True
Is 128000491 prime?
True
Is 90729257 prime?
False
Is 34742423 a prime number?
False
Is 242521023 a composite number?
True
Is 43380521 a composite number?
False
Is 4427957 a prime number?
True
Is 180950717 a composite number?
True
Is 5658901 a composite number?
True
Is 193407329 a composite number?
False
Is 31194131 composite?
True
Is 534048817 prime?
True
Is 3335063 composite?
True
Is 135376733 a prime number?
False
Is 53544773 a prime number?
False
Is 18936251 a composite number?
True
Is 72344021 a prime number?
True
Is 756401 a composite number?
True
Is 1143749 prime?
True
Is 24925973 composite?
False
Is 16916127 a composite number?
True
Is 309500281 composite?
False
Is 2638747 composite?
False
Is 12947507 a prime number?
True
Is 3684701 composite?
False
Is 7465129 a composite number?
True
Is 209221213 a composite number?
False
Is 33580087 a prime number?
False
Is 8868767 a prime number?
True
Is 5071487 a composite number?
True
Is 217703021 composite?
True
Is 5156231 composite?
False
Is 11371343 a composite number?
True
Is 98596261 composite?
True
Is 27464257 prime?
True
Is 11677 a composite number?
False
Is 2057104597 prime?
False
Is 13450351 a composite number?
True
Is 49494341 composite?
True
Is 1605619 a composite number?
False
Is 54708817 a prime number?
True
Is 30789491 composite?
True
Is 2775133 composite?
True
Is 1976683 a prime number?
True
Is 819027089 a prime number?
True
Is 2157989 composite?
False
Is 23900687 a composite number?
False
Is 130187761 prime?
False
Is 5064369 a composite number?
True
Is 3013207 a prime number?
False
Is 1691976131 a composite number?
False
Is 37089181 composite?
False
Is 717191 a composite number?
False
Is 68790329 prime?
True
Is 1092781 prime?
False
Is 536189 a composite number?
False
Is 16499591 a composite number?
False
Is 149464829 prime?
True
Is 7423007 composite?
False
Is 22253779 a composite number?
True
Is 1596059 a prime number?
True
Is 63511163 a composite number?
False
Is 2837633 prime?
True
Is 2002849 composite?
True
Is 64075573 a prime number?
True
Is 11968321 a prime number?
True
Is 72968563 a prime number?
True
Is 1650463 a composite number?
False
Is 238214351 a composite number?
False
Is 31318513 prime?
False
Is 959376241 a prime number?
False
Is 18534655 composite?
True
Is 2363003 prime?
False
Is 257126237 a composite number?
True
Is 151643737 a prime number?
False
Is 8352241 composite?
False
Is 185812471 a composite number?
True
Is 1083493 prime?
False
Is 16358581 a composite number?
True
Is 6982763 a composite number?
False
Is 12006409 composite?
False
Is 26602489 a composite number?
True
Is 18815819 a prime number?
False
Is 1305341 prime?
False
Is 16317893 prime?
False
Is 12672113 composite?
False
Is 11047973 a composite number?
False
Is 19866887 a prime number?
True
Is 4136123 prime?
True
Is 7522519 composite?
False
Is 17212835 a prime number?
False
Is 29913658 composite?
True
Is 4915133 composite?
False
Is 23809417 a composite number?
True
Is 20816219 prime?
False
Is 464963 a prime number?
True
Is 1759853 a prime number?
False
Is 378457837 composite?
True
Is 40764641 a composite number?
False
Is 8327227 a composite number?
False
Is 68574689 a composite number?
False
Is 9563507 a prime number?
True
Is 1164587 composite?
False
Is 1047304621 composite?
True
Is 2192687 composite?
True
Is 1831399 composite?
False
Is 11168899 prime?
False
Is 744599407 a prime number?
True
Is 11791181 prime?
True
Is 553341 prime?
False
Is 28395733 a composite number?
False
Is 5151571 a prime number?
False
Is 49902191 prime?
False
Is 16392011 prime?
True
Is 16446553 a prime number?
True
Is 80098045 a prime number?
False
Is 3422633 composite?
False
Is 5624369 composite?
False
Is 152177 a prime number?
False
Is 86867398 a prime number?
False
Is 145523167 prime?
True
Is 679137 a prime number?
False
Is 7301869 a composite number?
True
Is 590267527 composite?
False
Is 18955751 composite?
False
Is 112933811 composite?
False
Is 3213187 prime?
False
Is 3378026